{"id":99,"date":"2026-08-31T19:01:30","date_gmt":"2026-08-31T17:01:30","guid":{"rendered":"https:\/\/www.carmendurango.es\/?page_id=99"},"modified":"2026-09-02T12:12:25","modified_gmt":"2026-09-02T10:12:25","slug":"prensa","status":"publish","type":"page","link":"https:\/\/www.carmendurango.es\/?page_id=99","title":{"rendered":"Prensa"},"content":{"rendered":"<main id='bde-main'><section class=\"bde-section-99-100 bde-section\">\n  \n  \n\t\n\n\n\n<div class=\"section-container\"><h1 class=\"bde-heading-99-101 bde-heading\">\nPrensa\n<\/h1><\/div>\n<\/section><section class=\"bde-section-99-102 bde-section\">\n  \n  \n\t\n\n\n\n<div class=\"section-container\"><div class=\"bde-columns-99-109 bde-columns\"><div class=\"bde-column-99-110 bde-column\">\n  \n  \n\t\n\n\n\n<div class=\"bde-rich-text-99-104 bde-rich-text breakdance-rich-text-styles\">\n<p><span style=\"font-size: medium;\">Presentaci\u00f3n exposic\u00f3n Eusebio Sempere y Jos\u00e9 Hern\u00e1ndez<\/span><\/p>\n<p><a href=\"https:\/\/elpais.com\/diario\/1977\/11\/22\/cultura\/249001203_850215.html\"><span style=\"font-size: medium;\">(El Pais, 1997)<\/span><\/a><\/p>\n<\/div><div class=\"bde-rich-text-99-108 bde-rich-text breakdance-rich-text-styles\">\n<p><span style=\"font-size: medium;\">Exposici\u00f3n conmemorativa cincuenta a\u00f1os, Monique de Roux.<\/span><\/p>\n<p align=\"left\"><a href=\"https:\/\/www.elnortedecastilla.es\/culturas\/arte\/galeria-carmen-durango-celebra-medio-siglo-monique-20231112163655-nt.html\"><span style=\"font-size: medium;\">(El Norte de Castilla, 1993)<\/span><\/a><\/p>\n<\/div>\n<\/div><div class=\"bde-column-99-111 bde-column\">\n  \n  \n\t\n\n\n\n<img decoding=\"async\" class=\"bde-image2-99-112 bde-image2\" src=\"https:\/\/www.carmendurango.es\/wp-content\/uploads\/2026\/08\/durango-k3dC-U210692573031lRE-1200x840@El-Norte.jpg\" loading=\"lazy\" srcset=\"https:\/\/www.carmendurango.es\/wp-content\/uploads\/2026\/08\/durango-k3dC-U210692573031lRE-1200x840@El-Norte.jpg 1200w, https:\/\/www.carmendurango.es\/wp-content\/uploads\/2026\/08\/durango-k3dC-U210692573031lRE-1200x840@El-Norte-300x210.jpg 300w, https:\/\/www.carmendurango.es\/wp-content\/uploads\/2026\/08\/durango-k3dC-U210692573031lRE-1200x840@El-Norte-1024x717.jpg 1024w, https:\/\/www.carmendurango.es\/wp-content\/uploads\/2026\/08\/durango-k3dC-U210692573031lRE-1200x840@El-Norte-768x538.jpg 768w\" sizes=\"(max-width: 1200px) 100vw, 1200px\">\n<\/div><\/div><\/div>\n<\/section><\/main>","protected":false},"excerpt":{"rendered":"<p>Prensa Presentaci\u00f3n exposic\u00f3n Eusebio Sempere y Jos\u00e9 Hern\u00e1ndez (El Pais, 1997) Exposici\u00f3n conmemorativa cincuenta a\u00f1os, Monique de Roux. (El Norte de Castilla, 1993)<\/p>\n","protected":false},"author":1,"featured_media":0,"parent":0,"menu_order":0,"comment_status":"closed","ping_status":"closed","template":"","meta":{"_breakdance_hide_in_design_set":false,"_breakdance_tags":"","footnotes":""},"class_list":["post-99","page","type-page","status-publish","hentry"],"_links":{"self":[{"href":"https:\/\/www.carmendurango.es\/index.php?rest_route=\/wp\/v2\/pages\/99","targetHints":{"allow":["GET"]}}],"collection":[{"href":"https:\/\/www.carmendurango.es\/index.php?rest_route=\/wp\/v2\/pages"}],"about":[{"href":"https:\/\/www.carmendurango.es\/index.php?rest_route=\/wp\/v2\/types\/page"}],"author":[{"embeddable":true,"href":"https:\/\/www.carmendurango.es\/index.php?rest_route=\/wp\/v2\/users\/1"}],"replies":[{"embeddable":true,"href":"https:\/\/www.carmendurango.es\/index.php?rest_route=%2Fwp%2Fv2%2Fcomments&post=99"}],"version-history":[{"count":8,"href":"https:\/\/www.carmendurango.es\/index.php?rest_route=\/wp\/v2\/pages\/99\/revisions"}],"predecessor-version":[{"id":157,"href":"https:\/\/www.carmendurango.es\/index.php?rest_route=\/wp\/v2\/pages\/99\/revisions\/157"}],"wp:attachment":[{"href":"https:\/\/www.carmendurango.es\/index.php?rest_route=%2Fwp%2Fv2%2Fmedia&parent=99"}],"curies":[{"name":"wp","href":"https:\/\/api.w.org\/{rel}","templated":true}]}}

<main id='bde-main'><section class="bde-section-99-100 bde-section">
  
  
	



<div class="section-container"><h1 class="bde-heading-99-101 bde-heading">
Prensa
</h1></div>
</section><section class="bde-section-99-102 bde-section">
  
  
	



<div class="section-container"><div class="bde-columns-99-109 bde-columns"><div class="bde-column-99-110 bde-column">
  
  
	



<div class="bde-rich-text-99-104 bde-rich-text breakdance-rich-text-styles">
<p><span style="font-size: medium;">Presentación exposicón Eusebio Sempere y José Hernández</span></p>
<p><a href="https://elpais.com/diario/1977/11/22/cultura/249001203_850215.html"><span style="font-size: medium;">(El Pais, 1997)</span></a></p>
</div><div class="bde-rich-text-99-108 bde-rich-text breakdance-rich-text-styles">
<p><span style="font-size: medium;">Exposición conmemorativa cincuenta años, Monique de Roux.</span></p>
<p align="left"><a href="https://www.elnortedecastilla.es/culturas/arte/galeria-carmen-durango-celebra-medio-siglo-monique-20231112163655-nt.html"><span style="font-size: medium;">(El Norte de Castilla, 1993)</span></a></p>
</div>
</div><div class="bde-column-99-111 bde-column">
  
  
	



<img decoding="async" class="bde-image2-99-112 bde-image2" src="https://www.carmendurango.es/wp-content/uploads/2026/08/durango-k3dC-U210692573031lRE-1200x840@El-Norte.jpg" loading="lazy" srcset="https://www.carmendurango.es/wp-content/uploads/2026/08/durango-k3dC-U210692573031lRE-1200x840@El-Norte.jpg 1200w, https://www.carmendurango.es/wp-content/uploads/2026/08/durango-k3dC-U210692573031lRE-1200x840@El-Norte-300x210.jpg 300w, https://www.carmendurango.es/wp-content/uploads/2026/08/durango-k3dC-U210692573031lRE-1200x840@El-Norte-1024x717.jpg 1024w, https://www.carmendurango.es/wp-content/uploads/2026/08/durango-k3dC-U210692573031lRE-1200x840@El-Norte-768x538.jpg 768w" sizes="(max-width: 1200px) 100vw, 1200px">
</div></div></div>
</section></main>

<p>Prensa Presentación exposicón Eusebio Sempere y José Hernández (El Pais, 1997) Exposición conmemorativa cincuenta años, Monique de Roux. (El Norte de Castilla, 1993)</p>
