{"id":18,"date":"2026-08-30T12:11:22","date_gmt":"2026-08-30T10:11:22","guid":{"rendered":"https:\/\/www.carmendurango.es\/?page_id=18"},"modified":"2026-09-02T13:38:36","modified_gmt":"2026-09-02T11:38:36","slug":"historia","status":"publish","type":"page","link":"https:\/\/www.carmendurango.es\/?page_id=18","title":{"rendered":"Historia"},"content":{"rendered":"<main id='bde-main'><section class=\"bde-section-18-100 bde-section\">\n  \n  \n\t\n\n\n\n<div class=\"section-container\"><h1 class=\"bde-heading-18-101 bde-heading\">\nHistoria\n<\/h1><\/div>\n<\/section><section class=\"bde-section-18-102 bde-section\">\n  \n  \n\t\n\n\n\n<div class=\"section-container\"><div class=\"bde-text-18-103 bde-text\">\nLa Galer\u00eda Carmen Durango surgi\u00f3 en Valladolid en octubre de 1973, fundada por Antonio Mach\u00f3n y M\u00aaTeresa Valbuena. Durante su primera d\u00e9cada (1973\u20131982), la galer\u00eda se consolid\u00f3 como un espacio clave para la difusi\u00f3n del arte contempor\u00e1neo en Castilla, con una l\u00ednea program\u00e1tica centrada en el Informalismo y la abstracci\u00f3n, corrientes de vanguardia que Mach\u00f3n promovi\u00f3 con rigor y esp\u00edritu pedag\u00f3gico.\n<\/div><div class=\"bde-columns-18-122 bde-columns\"><div class=\"bde-column-18-123 bde-column\">\n  \n  \n\t\n\n\n\n<div class=\"bde-rich-text-18-111 bde-rich-text breakdance-rich-text-styles\">\n<h2 align=\"left\">Origen y fundaci\u00f3n (1973)<\/h2>\n<p align=\"left\"><span style=\"font-size: medium;\">Antonio Mach\u00f3n, que compaginaba la gesti\u00f3n de la galer\u00eda con la ense\u00f1anza art\u00edstica en la Universidad de Valladolid, abri\u00f3 su primer espacio en la ciudad bajo el nombre de Carmen Durango. El proyecto naci\u00f3 con una vocaci\u00f3n clara: cooperar con el desarrollo del arte de vanguardia y dar a conocer en el medio geogr\u00e1fico castellano a los artistas y tendencias del momento.<\/span><\/p>\n<\/div>\n<\/div><div class=\"bde-column-18-124 bde-column\">\n  \n  \n\t\n\n\n\n<img decoding=\"async\" class=\"bde-image2-18-108 bde-image2\" src=\"https:\/\/www.carmendurango.es\/wp-content\/uploads\/2026\/08\/IMG_20260825_120635-scaled.jpg\" loading=\"lazy\" srcset=\"https:\/\/www.carmendurango.es\/wp-content\/uploads\/2026\/08\/IMG_20260825_120635-scaled.jpg 2560w, https:\/\/www.carmendurango.es\/wp-content\/uploads\/2026\/08\/IMG_20260825_120635-300x225.jpg 300w, https:\/\/www.carmendurango.es\/wp-content\/uploads\/2026\/08\/IMG_20260825_120635-1024x768.jpg 1024w, https:\/\/www.carmendurango.es\/wp-content\/uploads\/2026\/08\/IMG_20260825_120635-768x576.jpg 768w, https:\/\/www.carmendurango.es\/wp-content\/uploads\/2026\/08\/IMG_20260825_120635-1536x1152.jpg 1536w, https:\/\/www.carmendurango.es\/wp-content\/uploads\/2026\/08\/IMG_20260825_120635-2048x1536.jpg 2048w\" sizes=\"(max-width: 2560px) 100vw, 2560px\">\n<\/div><\/div><\/div>\n<\/section><section class=\"bde-section-18-140 bde-section\">\n  \n  \n\t\n\n\n\n<div class=\"section-container\"><div class=\"bde-columns-18-147 bde-columns\"><div class=\"bde-column-18-150 bde-column\">\n  \n  \n\t\n\n\n\n<img decoding=\"async\" class=\"bde-image2-18-151 bde-image2\" src=\"https:\/\/www.carmendurango.es\/wp-content\/uploads\/2026\/08\/IMG_20260825_120355-scaled.jpg\" loading=\"lazy\" srcset=\"https:\/\/www.carmendurango.es\/wp-content\/uploads\/2026\/08\/IMG_20260825_120355-scaled.jpg 2560w, https:\/\/www.carmendurango.es\/wp-content\/uploads\/2026\/08\/IMG_20260825_120355-300x225.jpg 300w, https:\/\/www.carmendurango.es\/wp-content\/uploads\/2026\/08\/IMG_20260825_120355-1024x768.jpg 1024w, https:\/\/www.carmendurango.es\/wp-content\/uploads\/2026\/08\/IMG_20260825_120355-768x576.jpg 768w, https:\/\/www.carmendurango.es\/wp-content\/uploads\/2026\/08\/IMG_20260825_120355-1536x1152.jpg 1536w, https:\/\/www.carmendurango.es\/wp-content\/uploads\/2026\/08\/IMG_20260825_120355-2048x1536.jpg 2048w\" sizes=\"(max-width: 2560px) 100vw, 2560px\">\n<\/div><div class=\"bde-column-18-148 bde-column\">\n  \n  \n\t\n\n\n\n<div class=\"bde-rich-text-18-149 bde-rich-text breakdance-rich-text-styles\">\n<h2>Actividad expositiva y editorial (1973-1982)<\/h2>\n<p>En esos diez primeros a\u00f1os, la galer\u00eda desarroll\u00f3 una intensa actividad:<\/p>\n<p>Realiz\u00f3 un total de 62 exposiciones, destacando las dedicadas tanto a artistas de la llamada Vanguardia Hist\u00f3rica como a los de las generaciones renovadoras posteriores.<\/p>\n<p>Entre los artistas expuestos figuraron nombres de primer orden del arte espa\u00f1ol contempor\u00e1neo, como Saura, T\u00e0pies, Picasso, Chillida, Sempere, Mir\u00f3, Guerrero y Gordillo.<\/p>\n<p>Adem\u00e1s de exposiciones, la galer\u00eda impuls\u00f3 proyectos editoriales, libros de artista, carpetas de obra gr\u00e1fica etc, sirva de ejemplo la carpeta \u201cPor el color\u201d de Jos\u00e9 Guerrero, dirigida por Antonio Mach\u00f3n y presentada en Valladolid en 1982, la cual contiene litograf\u00edas del propio Jos\u00e9 Guerrero y poemas de Jorge Guillen.<\/p>\n<p>Mas informaci\u00f3n sobre Antonio Mach\u00f3n y su segunda etapa en la Galer\u00eda Antonio Mach\u00f3n de Madrid:<\/p>\n<p><a href=\"https:\/\/www.antoniomachon.es\/\">Antonio Mach\u00f3n \u2197<\/a><\/p>\n<p><a href=\"https:\/\/www.galeriaantoniomachon.com\/\">Galer\u00eda Antonio Mach\u00f3n \u2197<\/a><\/p>\n<\/div>\n<\/div><\/div><\/div>\n<\/section><section class=\"bde-section-18-162 bde-section\">\n  \n  \n\t\n\n\n\n<div class=\"section-container\"><div class=\"bde-columns-18-174 bde-columns\"><div class=\"bde-column-18-175 bde-column\">\n  \n  \n\t\n\n\n\n<div class=\"bde-rich-text-18-176 bde-rich-text breakdance-rich-text-styles\">\n<h2 align=\"left\">Prestigio y proyecci\u00f3n<\/h2>\n<p align=\"left\"><span style=\"font-size: medium;\">Gracias a su selecci\u00f3n rigurosa y a su enfoque pedag\u00f3gico, la Galer\u00eda Carmen Durango adquiri\u00f3 pronto un notable prestigio nacional como centro difusor de las corrientes art\u00edsticas contempor\u00e1neas. Su labor fue fundamental para conectar el panorama art\u00edstico nacional con el p\u00fablico y los coleccionistas de Valladolid y Castilla durante los a\u00f1os de la Transici\u00f3n y la consolidaci\u00f3n democr\u00e1tica.<\/span><\/p>\n<\/div>\n<\/div><div class=\"bde-column-18-177 bde-column\">\n  \n  \n\t\n\n\n\n<img decoding=\"async\" class=\"bde-image2-18-178 bde-image2\" src=\"https:\/\/www.carmendurango.es\/wp-content\/uploads\/2026\/08\/IMG_20260825_120451-scaled.jpg\" loading=\"lazy\" srcset=\"https:\/\/www.carmendurango.es\/wp-content\/uploads\/2026\/08\/IMG_20260825_120451-scaled.jpg 2560w, https:\/\/www.carmendurango.es\/wp-content\/uploads\/2026\/08\/IMG_20260825_120451-300x225.jpg 300w, https:\/\/www.carmendurango.es\/wp-content\/uploads\/2026\/08\/IMG_20260825_120451-1024x768.jpg 1024w, https:\/\/www.carmendurango.es\/wp-content\/uploads\/2026\/08\/IMG_20260825_120451-768x576.jpg 768w, https:\/\/www.carmendurango.es\/wp-content\/uploads\/2026\/08\/IMG_20260825_120451-1536x1152.jpg 1536w, https:\/\/www.carmendurango.es\/wp-content\/uploads\/2026\/08\/IMG_20260825_120451-2048x1536.jpg 2048w\" sizes=\"(max-width: 2560px) 100vw, 2560px\">\n<\/div><\/div><\/div>\n<\/section><section class=\"bde-section-18-184 bde-section\">\n  \n  \n\t\n\n\n\n<div class=\"section-container\"><div class=\"bde-columns-18-201 bde-columns\"><div class=\"bde-column-18-204 bde-column\">\n  \n  \n\t\n\n\n\n<img decoding=\"async\" class=\"bde-image2-18-205 bde-image2\" src=\"https:\/\/www.carmendurango.es\/wp-content\/uploads\/2026\/08\/IMG_20260825_120807-scaled.jpg\" loading=\"lazy\" srcset=\"https:\/\/www.carmendurango.es\/wp-content\/uploads\/2026\/08\/IMG_20260825_120807-scaled.jpg 2560w, https:\/\/www.carmendurango.es\/wp-content\/uploads\/2026\/08\/IMG_20260825_120807-300x225.jpg 300w, https:\/\/www.carmendurango.es\/wp-content\/uploads\/2026\/08\/IMG_20260825_120807-1024x768.jpg 1024w, https:\/\/www.carmendurango.es\/wp-content\/uploads\/2026\/08\/IMG_20260825_120807-768x576.jpg 768w, https:\/\/www.carmendurango.es\/wp-content\/uploads\/2026\/08\/IMG_20260825_120807-1536x1152.jpg 1536w, https:\/\/www.carmendurango.es\/wp-content\/uploads\/2026\/08\/IMG_20260825_120807-2048x1536.jpg 2048w\" sizes=\"(max-width: 2560px) 100vw, 2560px\">\n<\/div><div class=\"bde-column-18-202 bde-column\">\n  \n  \n\t\n\n\n\n<div class=\"bde-rich-text-18-203 bde-rich-text breakdance-rich-text-styles\">\n<h2 align=\"left\">Segunda etapa (1982-1992)<\/h2>\n<p align=\"left\"><span style=\"font-size: medium;\">Durante esta segunda etapa bajo la direcci\u00f3n de M\u00aaTeresa Valbuena la galer\u00eda continuo con su actividad expositiva en el local del Pasaje Guti\u00e9rrez, esta etapa se centro m\u00e1s en la escena local; la galer\u00eda sigui\u00f3 participando en la Feria Internacional de Arte ARCO as\u00ed como en otras ferias, la edici\u00f3n de obra gr\u00e1fica y colaboraci\u00f3n con otras galer\u00edas tambi\u00e9n formaron parte de estos a\u00f1os; desde esta segunda etapa hasta el d\u00eda de hoy, con m\u00e1s de cincuenta a\u00f1os de trayectoria, Carmen Durango continua abierta al publico gracias, sobre todo, a sus clientes y amigos.<\/span><\/p>\n<\/div>\n<\/div><\/div><\/div>\n<\/section><\/main>","protected":false},"excerpt":{"rendered":"<p>Historia La Galer\u00eda Carmen Durango surgi\u00f3 en Valladolid en octubre de 1973, fundada por Antonio Mach\u00f3n y M\u00aaTeresa Valbuena. Durante su primera d\u00e9cada (1973\u20131982), la galer\u00eda se consolid\u00f3 como un espacio clave para la difusi\u00f3n del arte contempor\u00e1neo en Castilla, con una l\u00ednea program\u00e1tica centrada en el Informalismo y la abstracci\u00f3n, corrientes de vanguardia que [&hellip;]<\/p>\n","protected":false},"author":1,"featured_media":0,"parent":0,"menu_order":0,"comment_status":"closed","ping_status":"closed","template":"","meta":{"_breakdance_hide_in_design_set":false,"_breakdance_tags":"","footnotes":""},"class_list":["post-18","page","type-page","status-publish","hentry"],"_links":{"self":[{"href":"https:\/\/www.carmendurango.es\/index.php?rest_route=\/wp\/v2\/pages\/18","targetHints":{"allow":["GET"]}}],"collection":[{"href":"https:\/\/www.carmendurango.es\/index.php?rest_route=\/wp\/v2\/pages"}],"about":[{"href":"https:\/\/www.carmendurango.es\/index.php?rest_route=\/wp\/v2\/types\/page"}],"author":[{"embeddable":true,"href":"https:\/\/www.carmendurango.es\/index.php?rest_route=\/wp\/v2\/users\/1"}],"replies":[{"embeddable":true,"href":"https:\/\/www.carmendurango.es\/index.php?rest_route=%2Fwp%2Fv2%2Fcomments&post=18"}],"version-history":[{"count":33,"href":"https:\/\/www.carmendurango.es\/index.php?rest_route=\/wp\/v2\/pages\/18\/revisions"}],"predecessor-version":[{"id":159,"href":"https:\/\/www.carmendurango.es\/index.php?rest_route=\/wp\/v2\/pages\/18\/revisions\/159"}],"wp:attachment":[{"href":"https:\/\/www.carmendurango.es\/index.php?rest_route=%2Fwp%2Fv2%2Fmedia&parent=18"}],"curies":[{"name":"wp","href":"https:\/\/api.w.org\/{rel}","templated":true}]}}

<main id='bde-main'><section class="bde-section-18-100 bde-section">
  
  
	



<div class="section-container"><h1 class="bde-heading-18-101 bde-heading">
Historia
</h1></div>
</section><section class="bde-section-18-102 bde-section">
  
  
	



<div class="section-container"><div class="bde-text-18-103 bde-text">
La Galería Carmen Durango surgió en Valladolid en octubre de 1973, fundada por Antonio Machón y MªTeresa Valbuena. Durante su primera década (1973–1982), la galería se consolidó como un espacio clave para la difusión del arte contemporáneo en Castilla, con una línea programática centrada en el Informalismo y la abstracción, corrientes de vanguardia que Machón promovió con rigor y espíritu pedagógico.
</div><div class="bde-columns-18-122 bde-columns"><div class="bde-column-18-123 bde-column">
  
  
	



<div class="bde-rich-text-18-111 bde-rich-text breakdance-rich-text-styles">
<h2 align="left">Origen y fundación (1973)</h2>
<p align="left"><span style="font-size: medium;">Antonio Machón, que compaginaba la gestión de la galería con la enseñanza artística en la Universidad de Valladolid, abrió su primer espacio en la ciudad bajo el nombre de Carmen Durango. El proyecto nació con una vocación clara: cooperar con el desarrollo del arte de vanguardia y dar a conocer en el medio geográfico castellano a los artistas y tendencias del momento.</span></p>
</div>
</div><div class="bde-column-18-124 bde-column">
  
  
	



<img decoding="async" class="bde-image2-18-108 bde-image2" src="https://www.carmendurango.es/wp-content/uploads/2026/08/IMG_20260825_120635-scaled.jpg" loading="lazy" srcset="https://www.carmendurango.es/wp-content/uploads/2026/08/IMG_20260825_120635-scaled.jpg 2560w, https://www.carmendurango.es/wp-content/uploads/2026/08/IMG_20260825_120635-300x225.jpg 300w, https://www.carmendurango.es/wp-content/uploads/2026/08/IMG_20260825_120635-1024x768.jpg 1024w, https://www.carmendurango.es/wp-content/uploads/2026/08/IMG_20260825_120635-768x576.jpg 768w, https://www.carmendurango.es/wp-content/uploads/2026/08/IMG_20260825_120635-1536x1152.jpg 1536w, https://www.carmendurango.es/wp-content/uploads/2026/08/IMG_20260825_120635-2048x1536.jpg 2048w" sizes="(max-width: 2560px) 100vw, 2560px">
</div></div></div>
</section><section class="bde-section-18-140 bde-section">
  
  
	



<div class="section-container"><div class="bde-columns-18-147 bde-columns"><div class="bde-column-18-150 bde-column">
  
  
	



<img decoding="async" class="bde-image2-18-151 bde-image2" src="https://www.carmendurango.es/wp-content/uploads/2026/08/IMG_20260825_120355-scaled.jpg" loading="lazy" srcset="https://www.carmendurango.es/wp-content/uploads/2026/08/IMG_20260825_120355-scaled.jpg 2560w, https://www.carmendurango.es/wp-content/uploads/2026/08/IMG_20260825_120355-300x225.jpg 300w, https://www.carmendurango.es/wp-content/uploads/2026/08/IMG_20260825_120355-1024x768.jpg 1024w, https://www.carmendurango.es/wp-content/uploads/2026/08/IMG_20260825_120355-768x576.jpg 768w, https://www.carmendurango.es/wp-content/uploads/2026/08/IMG_20260825_120355-1536x1152.jpg 1536w, https://www.carmendurango.es/wp-content/uploads/2026/08/IMG_20260825_120355-2048x1536.jpg 2048w" sizes="(max-width: 2560px) 100vw, 2560px">
</div><div class="bde-column-18-148 bde-column">
  
  
	



<div class="bde-rich-text-18-149 bde-rich-text breakdance-rich-text-styles">
<h2>Actividad expositiva y editorial (1973-1982)</h2>
<p>En esos diez primeros años, la galería desarrolló una intensa actividad:</p>
<p>Realizó un total de 62 exposiciones, destacando las dedicadas tanto a artistas de la llamada Vanguardia Histórica como a los de las generaciones renovadoras posteriores.</p>
<p>Entre los artistas expuestos figuraron nombres de primer orden del arte español contemporáneo, como Saura, Tàpies, Picasso, Chillida, Sempere, Miró, Guerrero y Gordillo.</p>
<p>Además de exposiciones, la galería impulsó proyectos editoriales, libros de artista, carpetas de obra gráfica etc, sirva de ejemplo la carpeta “Por el color” de José Guerrero, dirigida por Antonio Machón y presentada en Valladolid en 1982, la cual contiene litografías del propio José Guerrero y poemas de Jorge Guillen.</p>
<p>Mas información sobre Antonio Machón y su segunda etapa en la Galería Antonio Machón de Madrid:</p>
<p><a href="https://www.antoniomachon.es/">Antonio Machón ↗</a></p>
<p><a href="https://www.galeriaantoniomachon.com/">Galería Antonio Machón ↗</a></p>
</div>
</div></div></div>
</section><section class="bde-section-18-162 bde-section">
  
  
	



<div class="section-container"><div class="bde-columns-18-174 bde-columns"><div class="bde-column-18-175 bde-column">
  
  
	



<div class="bde-rich-text-18-176 bde-rich-text breakdance-rich-text-styles">
<h2 align="left">Prestigio y proyección</h2>
<p align="left"><span style="font-size: medium;">Gracias a su selección rigurosa y a su enfoque pedagógico, la Galería Carmen Durango adquirió pronto un notable prestigio nacional como centro difusor de las corrientes artísticas contemporáneas. Su labor fue fundamental para conectar el panorama artístico nacional con el público y los coleccionistas de Valladolid y Castilla durante los años de la Transición y la consolidación democrática.</span></p>
</div>
</div><div class="bde-column-18-177 bde-column">
  
  
	



<img decoding="async" class="bde-image2-18-178 bde-image2" src="https://www.carmendurango.es/wp-content/uploads/2026/08/IMG_20260825_120451-scaled.jpg" loading="lazy" srcset="https://www.carmendurango.es/wp-content/uploads/2026/08/IMG_20260825_120451-scaled.jpg 2560w, https://www.carmendurango.es/wp-content/uploads/2026/08/IMG_20260825_120451-300x225.jpg 300w, https://www.carmendurango.es/wp-content/uploads/2026/08/IMG_20260825_120451-1024x768.jpg 1024w, https://www.carmendurango.es/wp-content/uploads/2026/08/IMG_20260825_120451-768x576.jpg 768w, https://www.carmendurango.es/wp-content/uploads/2026/08/IMG_20260825_120451-1536x1152.jpg 1536w, https://www.carmendurango.es/wp-content/uploads/2026/08/IMG_20260825_120451-2048x1536.jpg 2048w" sizes="(max-width: 2560px) 100vw, 2560px">
</div></div></div>
</section><section class="bde-section-18-184 bde-section">
  
  
	



<div class="section-container"><div class="bde-columns-18-201 bde-columns"><div class="bde-column-18-204 bde-column">
  
  
	



<img decoding="async" class="bde-image2-18-205 bde-image2" src="https://www.carmendurango.es/wp-content/uploads/2026/08/IMG_20260825_120807-scaled.jpg" loading="lazy" srcset="https://www.carmendurango.es/wp-content/uploads/2026/08/IMG_20260825_120807-scaled.jpg 2560w, https://www.carmendurango.es/wp-content/uploads/2026/08/IMG_20260825_120807-300x225.jpg 300w, https://www.carmendurango.es/wp-content/uploads/2026/08/IMG_20260825_120807-1024x768.jpg 1024w, https://www.carmendurango.es/wp-content/uploads/2026/08/IMG_20260825_120807-768x576.jpg 768w, https://www.carmendurango.es/wp-content/uploads/2026/08/IMG_20260825_120807-1536x1152.jpg 1536w, https://www.carmendurango.es/wp-content/uploads/2026/08/IMG_20260825_120807-2048x1536.jpg 2048w" sizes="(max-width: 2560px) 100vw, 2560px">
</div><div class="bde-column-18-202 bde-column">
  
  
	



<div class="bde-rich-text-18-203 bde-rich-text breakdance-rich-text-styles">
<h2 align="left">Segunda etapa (1982-1992)</h2>
<p align="left"><span style="font-size: medium;">Durante esta segunda etapa bajo la dirección de MªTeresa Valbuena la galería continuo con su actividad expositiva en el local del Pasaje Gutiérrez, esta etapa se centro más en la escena local; la galería siguió participando en la Feria Internacional de Arte ARCO así como en otras ferias, la edición de obra gráfica y colaboración con otras galerías también formaron parte de estos años; desde esta segunda etapa hasta el día de hoy, con más de cincuenta años de trayectoria, Carmen Durango continua abierta al publico gracias, sobre todo, a sus clientes y amigos.</span></p>
</div>
</div></div></div>
</section></main>

<p>Historia La Galería Carmen Durango surgió en Valladolid en octubre de 1973, fundada por Antonio Machón y MªTeresa Valbuena. Durante su primera década (1973–1982), la galería se consolidó como un espacio clave para la difusión del arte contemporáneo en Castilla, con una línea programática centrada en el Informalismo y la abstracción, corrientes de vanguardia que [&hellip;]</p>
